he remainder when 557988589 is divided by 56?
53
What is the remainder when 238667859 is divided by 59?
56
What is the remainder when 812112 is divided by 162393?
147
What is the remainder when 1517652 is divided by 33717?
387
Calculate the remainder when 142818 is divided by 228.
90
What is the remainder when 10105990 is divided by 555?
550
What is the remainder when 185874 is divided by 724?
530
Calculate the remainder when 69138 is divided by 383.
198
What is the remainder when 1904192 is divided by 476048?
0
Calculate the remainder when 1619439 is divided by 7.
3
What is the remainder when 1676339 is divided by 26189?
243
Calculate the remainder when 5392420 is divided by 1533.
859
What is the remainder when 149879535 is divided by 132?
3
What is the remainder when 50230464 is divided by 42?
18
Calculate the remainder when 25468 is divided by 128.
124
What is the remainder when 69588771 is divided by 19?
17
What is the remainder when 57830072 is divided by 763?
13
What is the remainder when 161976 is divided by 3240?
3216
Calculate the remainder when 296954 is divided by 26951.
493
Calculate the remainder when 832271 is divided by 970.
11
Calculate the remainder when 418254 is divided by 25.
4
What is the remainder when 1550058 is divided by 17?
15
What is the remainder when 267259 is divided by 17?
2
Calculate the remainder when 752245 is divided by 75216.
85
What is the remainder when 51715 is divided by 7?
6
What is the remainder when 81281871 is divided by 120?
111
Calculate the remainder when 81011 is divided by 3577.
2317
Calculate the remainder when 71291 is divided by 35251.
789
What is the remainder when 184378 is divided by 90741?
2896
Calculate the remainder when 5247698 is divided by 94.
54
What is the remainder when 1841124 is divided by 1331?
351
Calculate the remainder when 1100561 is divided by 1819.
66
What is the remainder when 5149316 is divided by 277?
163
Calculate the remainder when 664304 is divided by 21427.
67
What is the remainder when 5057241 is divided by 21988?
1
Calculate the remainder when 304411164 is divided by 3452.
3448
What is the remainder when 465360 is divided by 490?
350
What is the remainder when 29790817 is divided by 63?
7
What is the remainder when 249364 is divided by 54?
46
Calculate the remainder when 142475 is divided by 35618.
3
Calculate the remainder when 279306 is divided by 118.
0
Calculate the remainder when 59450 is divided by 19766.
152
What is the remainder when 138857596 is divided by 153?
151
Calculate the remainder when 11926 is divided by 42.
40
Calculate the remainder when 31776049 is divided by 1826.
1823
What is the remainder when 1479200 is divided by 1316?
16
What is the remainder when 3138417 is divided by 4135?
4087
Calculate the remainder when 8664848 is divided by 5112.
8
Calculate the remainder when 6848 is divided by 4760.
2088
Calculate the remainder when 1056334 is divided by 527233.
1868
What is the remainder when 37090 is divided by 2387?
1285
Calculate the remainder when 522385 is divided by 74390.
1655
Calculate the remainder when 9569 is divided by 1371.
1343
Calculate the remainder when 9204951 is divided by 479.
8
Calculate the remainder when 1869286 is divided by 4317.
25
What is the remainder when 20503491 is divided by 116?
27
What is the remainder when 40742718 is divided by 838?
834
Calculate the remainder when 1381610 is divided by 15.
5
What is the remainder when 141991 is divided by 67640?
6711
Calculate the remainder when 1268394 is divided by 3242.
772
What is the remainder when 3291871 is divided by 823?
694
What is the remainder when 67169 is divided by 482?
171
Calculate the remainder when 49823260 is divided by 1396.
20
Calculate the remainder when 18359224 is divided by 94.
84
What is the remainder when 7325634 is divided by 690?
594
What is the remainder when 3338184 is divided by 54?
12
What is the remainder when 525276 is divided by 933?
930
Calculate the remainder when 22701322 is divided by 3006.
10
Calculate the remainder when 766240 is divided by 13211.
2
What is the remainder when 15869089 is divided by 8035?
7999
Calculate the remainder when 3308808 is divided by 31.
23
What is the remainder when 5118262 is divided by 37?
15
Calculate the remainder when 34811145 is divided by 756764.
1
Calculate the remainder when 1119481 is divided by 24335.
71
Calculate the remainder when 385137 is divided by 192427.
283
What is the remainder when 22770066 is divided by 11385018?
30
Calculate the remainder when 3572154 is divided by 23656.
98
Calculate the remainder when 234869 is divided by 469.
369
Calculate the remainder when 53251 is divided by 4575.
2926
What is the remainder when 11745 is divided by 385?
195
Calculate the remainder when 7485130 is divided by 6.
4
Calculate the remainder when 3014507 is divided by 16207.
5
What is the remainder when 386426 is divided by 117?
92
What is the remainder when 55804 is divided by 9175?
754
Calculate the remainder when 675200 is divided by 87.
80
Calculate the remainder when 55448108 is divided by 2789.
2788
What is the remainder when 214351 is divided by 51363?
8899
What is the remainder when 1131939 is divided by 42?
39
What is the remainder when 72807 is divided by 55?
42
Calculate the remainder when 108682 is divided by 9877.
35
What is the remainder when 183303 is divided by 2131?
37
What is the remainder when 25733 is divided by 1823?
211
Calculate the remainder when 12095356 is divided by 10021.
9
Calculate the remainder when 153607504 is divided by 22.
6
What is the remainder when 455234 is divided by 551?
108
What is the remainder when 1531421 is divided by 49400?
21
Calculate the remainder when 5244757 is divided by 2917.
2908
What is the remainder when 3733621 is divided by 4377?
40
What is the remainder when 2490687 is divided by 578?
85
What is the remainder when 123323666 is divided by 24664729?
21
Calculate the remainder when 1519921 is divided by 211.
88
Calculate the remainder when 804844 is divided by 1493.
117
What is the remainder when 2526824 is divided by 6446?
6438
What is the remainder when 101174 is divided by 418?
18
What is the remainder when 856050 is divided by 3980?
350
What is the remainder when 18411766 is divided by 18411751?
15
What is the remainder when 52201300 is divided by 5800143?
13
What is the remainder when 815513 is divided by 111?
107
What is the remainder when 16319 is divided by 2286?
317
Calculate the remainder when 1607871399 is divided by 100.
99
Calculate the remainder when 6817470 is divided by 3408732.
6
What is the remainder when 614839 is divided by 99?
49
What is the remainder when 1961863 is divided by 57?
37
Calculate the remainder when 311689 is divided by 7244.
197
Calculate the remainder when 382192 is divided by 540.
412
What is the remainder when 870969 is divided by 422?
383
Calculate the remainder when 89652 is divided by 55.
2
Calculate the remainder when 706951 is divided by 1724.
111
What is the remainder when 56139 is divided by 8019?
6
Calculate the remainder when 454079 is divided by 2142.
2117
What is the remainder when 423787 is divided by 285?
277
Calculate the remainder when 1699737 is divided by 192.
153
What is the remainder when 1816325 is divided by 302716?
29
Calculate the remainder when 5383755 is divided by 4402.
109
What is the remainder when 68563011 is divided by 6101?
6074
What is the remainder when 412467 is divided by 973?
888
Calculate the remainder when 1153912 is divided by 19557.
49
What is the remainder when 10760536 is divided by 3044?
3040
Calculate the remainder when 68268898 is divided by 25.
23
Calculate the remainder when 20544 is divided by 271.
219
What is the remainder when 437703 is divided by 4015?
68
Calculate the remainder when 571828 is divided by 40839.
82
Calculate the remainder when 8496391 is divided by 12278.
15
What is the remainder when 13610533 is divided by 28?
13
Calculate the remainder when 6054 is divided by 5635.
419
What is the remainder when 89561345 is divided by 129?
128
Calculate the remainder when 163376 is divided by 54427.
95
Calculate the remainder when 368572 is divided by 1427.
406
What is the remainder when 6864755 is divided by 701?
563
What is the remainder when 21241